{"id":3085,"date":"2021-07-20T12:23:33","date_gmt":"2021-07-20T12:23:33","guid":{"rendered":"https:\/\/website.colistic.dev\/?page_id=3085"},"modified":"2023-08-31T15:19:58","modified_gmt":"2023-08-31T15:19:58","slug":"karriere","status":"publish","type":"page","link":"https:\/\/website.colistic.dev\/?page_id=3085","title":{"rendered":"Karriere"},"content":{"rendered":"\n<h1>\n\t\tDie Agentur, die zu deinem Leben passt.\n\t<\/h1>\n\t<p>Du suchst eine Agentur, die deine Work-Life-Balance respektiert und dir Raum zur freien Entfaltung bietet? Du hast sie gefunden! Bei co:listic triffst du auf vielseitige Projekte, von lokalen Unternehmen bis hin zu international bekannten Marken, und bist Teil eines Teams, das \u00fcber die Grenzen des B\u00fcros hinaus f\u00fcreinander da ist.<\/p>\n<p>&nbsp;<\/p>\n<p>Remote oder Co-working? Kein Problem, bei uns kannst du arbeiten, wo und wie du willst. Wir vertrauen darauf, dass du unabh\u00e4ngig und eigenverantwortlich deinem Job nachkommst. Darum legen wir auch gro\u00dfen Wert auf eine langfristige Zusammenarbeit<\/p>\n\t\t\t\t<img decoding=\"async\" src=\"https:\/\/website.colistic.dev\/wp-content\/uploads\/2022\/09\/co_team-09.jpg\" alt=\"co_team-09\" itemprop=\"image\" height=\"683\" width=\"1024\" title=\"co_team-09\" onerror=\"this.style.display='none'\"  \/>\n\t\t\t\t<img decoding=\"async\" src=\"https:\/\/website.colistic.dev\/wp-content\/uploads\/2022\/03\/team8.jpg\" alt=\"\" itemprop=\"image\" height=\"852\" width=\"1280\" onerror=\"this.style.display='none'\"  \/>\n\t\t\t\t\t\t<figure>\n\t\t\t\t\t\t\t\t\t\t\t\t\t\t\t<img decoding=\"async\" src=\"https:\/\/website.colistic.dev\/wp-content\/uploads\/2022\/03\/team1-1024x682.jpg\" alt=\"\" \/>\n\t\t\t\t\t\t\t\t\t\t\t\t\t<\/figure>\n\t\t\t\t\t\t<figure>\n\t\t\t\t\t\t\t\t\t\t\t\t\t\t\t<img decoding=\"async\" src=\"https:\/\/website.colistic.dev\/wp-content\/uploads\/2022\/03\/team7-1024x682.jpg\" alt=\"\" \/>\n\t\t\t\t\t\t\t\t\t\t\t\t\t<\/figure>\n\t\t\t\t\t\t<figure>\n\t\t\t\t\t\t\t\t\t\t\t\t\t\t\t<img decoding=\"async\" src=\"https:\/\/website.colistic.dev\/wp-content\/uploads\/2023\/08\/co_team-13.jpg\" alt=\"\" \/>\n\t\t\t\t\t\t\t\t\t\t\t\t\t<\/figure>\n\t\t\t\t\t\t<!-- pagination -->\n\t<h2>\n\t\twir suchen&#8230;\n\t<\/h2>\n\t<section class=\"job-listing row clearfix\" aria-label=\"Job listings\"><div class=\"column medium-12 col-md-12\" role=\"list\"><article class=\"job-preview clearfix\" role=\"article\" aria-labelledby=\"job-title-3084\"><div class=\"job-content\"><h5><a href=\"https:\/\/website.colistic.dev\/?jobs=account-manager-m-w-d\" id=\"job-title-3084\" target=\"_self\"><span>Account Manager (m\/w\/d)<\/span><\/a><\/h5><div class=\"job-additional-information\" aria-label=\"Additional job information\"><span>Rheine, Berlin<\/span><\/div><\/div><div class=\"job-cta\"><a href=\"https:\/\/website.colistic.dev\/?jobs=account-manager-m-w-d\" target=\"_self\" class=\"apply-btn local\" aria-label=\"View job: Account Manager (m\/w\/d)\">ansehen<\/a><\/div><\/article><article class=\"job-preview clearfix\" role=\"article\" aria-labelledby=\"job-title-3669\"><div class=\"job-content\"><h5><a href=\"https:\/\/website.colistic.dev\/?jobs=wordpress-ui-designer-front-end-developer-m-w-d\" id=\"job-title-3669\" target=\"_self\"><span>(WordPress) UI-Designer \/ Front-End-Developer (m\/w\/d)<\/span><\/a><\/h5><div class=\"job-additional-information\" aria-label=\"Additional job information\"><span>Berlin und Rheine <\/span><\/div><\/div><div class=\"job-cta\"><a href=\"https:\/\/website.colistic.dev\/?jobs=wordpress-ui-designer-front-end-developer-m-w-d\" target=\"_self\" class=\"apply-btn local\" aria-label=\"View job: (WordPress) UI-Designer \/ Front-End-Developer (m\/w\/d)\">ansehen<\/a><\/div><\/article><article class=\"job-preview clearfix\" role=\"article\" aria-labelledby=\"job-title-3134\"><div class=\"job-content\"><h5><a href=\"https:\/\/website.colistic.dev\/?jobs=performance-marketing-manager-m-w-d\" id=\"job-title-3134\" target=\"_self\"><span>Performance Marketing Manager (m\/w\/d)<\/span><\/a><\/h5><div class=\"job-additional-information\" aria-label=\"Additional job information\"><span>Rheine, Berlin<\/span><\/div><\/div><div class=\"job-cta\"><a href=\"https:\/\/website.colistic.dev\/?jobs=performance-marketing-manager-m-w-d\" target=\"_self\" class=\"apply-btn local\" aria-label=\"View job: Performance Marketing Manager (m\/w\/d)\">ansehen<\/a><\/div><\/article><article class=\"job-preview clearfix\" role=\"article\" aria-labelledby=\"job-title-3131\"><div class=\"job-content\"><h5><a href=\"https:\/\/website.colistic.dev\/?jobs=online-marketing-manager-m-w-d\" id=\"job-title-3131\" target=\"_self\"><span>Online Marketing Manager (m\/w\/d)<\/span><\/a><\/h5><div class=\"job-additional-information\" aria-label=\"Additional job information\"><span>Rheine, Berlin<\/span><\/div><\/div><div class=\"job-cta\"><a href=\"https:\/\/website.colistic.dev\/?jobs=online-marketing-manager-m-w-d\" target=\"_self\" class=\"apply-btn local\" aria-label=\"View job: Online Marketing Manager (m\/w\/d)\">ansehen<\/a><\/div><\/article><article class=\"job-preview clearfix\" role=\"article\" aria-labelledby=\"job-title-3126\"><div class=\"job-content\"><h5><a href=\"https:\/\/website.colistic.dev\/?jobs=art-director-m-w-d\" id=\"job-title-3126\" target=\"_self\"><span>Art Director (m\/w\/d)<\/span><\/a><\/h5><div class=\"job-additional-information\" aria-label=\"Additional job information\"><span>Rheine<\/span><\/div><\/div><div class=\"job-cta\"><a href=\"https:\/\/website.colistic.dev\/?jobs=art-director-m-w-d\" target=\"_self\" class=\"apply-btn local\" aria-label=\"View job: Art Director (m\/w\/d)\">ansehen<\/a><\/div><\/article><article class=\"job-preview clearfix\" role=\"article\" aria-labelledby=\"job-title-3234\"><div class=\"job-content\"><h5><a href=\"https:\/\/website.colistic.dev\/?jobs=account-director-m-w-d-2\" id=\"job-title-3234\" target=\"_self\"><span>Junior Account Manager (m\/w\/d)<\/span><\/a><\/h5><div class=\"job-additional-information\" aria-label=\"Additional job information\"><span>Rheine und Berlin<\/span><\/div><\/div><div class=\"job-cta\"><a href=\"https:\/\/website.colistic.dev\/?jobs=account-director-m-w-d-2\" target=\"_self\" class=\"apply-btn local\" aria-label=\"View job: Junior Account Manager (m\/w\/d)\">ansehen<\/a><\/div><\/article><article class=\"job-preview clearfix\" role=\"article\" aria-labelledby=\"job-title-3219\"><div class=\"job-content\"><h5><a href=\"https:\/\/website.colistic.dev\/?jobs=account-director-m-w-d\" id=\"job-title-3219\" target=\"_self\"><span>Account Director (m\/w\/d)<\/span><\/a><\/h5><div class=\"job-additional-information\" aria-label=\"Additional job information\"><span>Rheine und Berlin<\/span><\/div><\/div><div class=\"job-cta\"><a href=\"https:\/\/website.colistic.dev\/?jobs=account-director-m-w-d\" target=\"_self\" class=\"apply-btn local\" aria-label=\"View job: Account Director (m\/w\/d)\">ansehen<\/a><\/div><\/article><article class=\"job-preview clearfix\" role=\"article\" aria-labelledby=\"job-title-3137\"><div class=\"job-content\"><h5><a href=\"https:\/\/website.colistic.dev\/?jobs=azubi-industriekaufmann-m-w-d\" id=\"job-title-3137\" target=\"_self\"><span>Azubi Industriekaufmann (m\/w\/d)<\/span><\/a><\/h5><div class=\"job-additional-information\" aria-label=\"Additional job information\"><span>Rheine<\/span><\/div><\/div><div class=\"job-cta\"><a href=\"https:\/\/website.colistic.dev\/?jobs=azubi-industriekaufmann-m-w-d\" target=\"_self\" class=\"apply-btn local\" aria-label=\"View job: Azubi Industriekaufmann (m\/w\/d)\">ansehen<\/a><\/div><\/article><article class=\"job-preview clearfix\" role=\"article\" aria-labelledby=\"job-title-3556\"><div class=\"job-content\"><h5><a href=\"https:\/\/website.colistic.dev\/?jobs=werkstudent-grafik-m-w-d\" id=\"job-title-3556\" target=\"_self\"><span>Werkstudent Grafik (m\/w\/d)<\/span><\/a><\/h5><div class=\"job-additional-information\" aria-label=\"Additional job information\"><span>Rheine und Berlin<\/span><\/div><\/div><div class=\"job-cta\"><a href=\"https:\/\/website.colistic.dev\/?jobs=werkstudent-grafik-m-w-d\" target=\"_self\" class=\"apply-btn local\" aria-label=\"View job: Werkstudent Grafik (m\/w\/d)\">ansehen<\/a><\/div><\/article><article class=\"job-preview clearfix\" role=\"article\" aria-labelledby=\"job-title-3635\"><div class=\"job-content\"><h5><a href=\"https:\/\/website.colistic.dev\/?jobs=werkstudent-vertrieb-m-w-d\" id=\"job-title-3635\" target=\"_self\"><span>Werkstudent Vertrieb (m\/w\/d)<\/span><\/a><\/h5><div class=\"job-additional-information\" aria-label=\"Additional job information\"><span>Berlin, Rheine und remote<\/span><\/div><\/div><div class=\"job-cta\"><a href=\"https:\/\/website.colistic.dev\/?jobs=werkstudent-vertrieb-m-w-d\" target=\"_self\" class=\"apply-btn local\" aria-label=\"View job: Werkstudent Vertrieb (m\/w\/d)\">ansehen<\/a><\/div><\/article><\/div><\/section>\n<h3>\n\t\t#individualit\u00e4t\n\t<\/h3>\n\t<p>Unsere Anforderung an dich: be yourself! Verbieg dich nicht, um ein Anforderungsprofil zu erf\u00fcllen, das nicht zu dir oder deinen Skills passt. Bei uns kommt es auf deine Pers\u00f6nlichkeit und deine Talente an. Verwirkliche dich selbst, statt dich anzupassen.<\/p>\n<h3>\n\t\t#freiheit\n\t<\/h3>\n\t<p>Keine strikten Vorgaben, keine Chef-Attit\u00fcden: Wir leben New Work und die damit verbundenen Freiheiten. Ob Remote oder Co-working, arbeite ganz einfach wo und wie du es am besten kannst. Unter Strich z\u00e4hlt f\u00fcr uns: Du kommst eigenverantwortlich deinem Job nach, und wir bringen dir das n\u00f6tige Vertrauen entgegen.<\/p>\n<h3>\n\t\t#freundschaft\n\t<\/h3>\n\t<p>Wir sind der beste Beweis daf\u00fcr, dass Kollegen nicht nur gut zusammen arbeiten k\u00f6nnen. Die letzten Jahre haben uns gezeigt, wie viel Zusammenhalt bedeutet und dass pers\u00f6nliche N\u00e4he unersetzbar ist. Umso sch\u00f6ner ist es doch, Teil eines Teams zu sein, das \u00fcber die Grenzen des B\u00fcros hinaus f\u00fcreinander da ist.<\/p>\n\t\t\t\t<img decoding=\"async\" src=\"https:\/\/website.colistic.dev\/wp-content\/uploads\/2022\/09\/co_team-26.jpg\" alt=\"co_team-26\" itemprop=\"image\" height=\"1024\" width=\"768\" title=\"co_team-26\" onerror=\"this.style.display='none'\"  \/>\n\t\t\t\t<img decoding=\"async\" src=\"https:\/\/website.colistic.dev\/wp-content\/uploads\/2023\/08\/co_team-22.jpg\" alt=\"co_team-22\" itemprop=\"image\" height=\"681\" width=\"1024\" title=\"co_team-22\" onerror=\"this.style.display='none'\"  \/>\n<h2>\n\t\twhy!?\n\t<\/h2>\n\t<p>Warum co:listic? Wir sagen es dir. Hier sind gen\u00fcgend gute Gr\u00fcnde, warum du bei uns arbeiten solltest:<\/p>\n\t\t\t\t\t\t\t\t\t\t\t\t<h5> Sicherheit <\/h5>\n\t\t\t\t\t\t<p>Auch und vor allem in schwierigen Zeiten halten wir zusammen, getreu dem Motto: Eine Agentur ist nur so gut wie ihre Mitarbeiter. Darum legen wir Wert auf eine langfristige Zusammenarbeit.<\/p>\t\t\t\t\t\n\t\t\t\t\t\t\t\t\t\t\t\t<h5> Eigen\u00adverantwortung <\/h5>\n\t\t\t\t\t\t<p>Unterste Hierarchieebene? Gibt es bei uns nicht. Du bist der Meister deines Fachs. Also entscheidest du auch mit. Wir vertrauen auf deine Expertise.<\/p>\t\t\t\t\t\n\t\t\t\t\t\t\t\t\t\t\t\t<h5> Love Life Balance <\/h5>\n\t\t\t\t\t\t<p>Leider wird unserer Branche &#8211; nicht ganz unbegr\u00fcndet &#8211; eine \u00dcberstundenmentalit\u00e4t nachgesagt. Bei uns ist das anders. Wir planen deine Ressourcen vorausschauend, damit du immer in Balance bist.<\/p>\t\t\t\t\t\n\t\t\t\t\t\t\t\t\t\t\t\t<h5> Vielseitigkeit <\/h5>\n\t\t\t\t\t\t<p>Bei uns findest du kleine Projekte und gro\u00dfe Marken gleicherma\u00dfen. Wir betrachten jeden Job individuell, egal ob B2C, B2B, Kampagne oder globales Konzept. Dementsprechend abwechslungsreich ist auch unser Alltag.<\/p>\t\t\t\t\t\n\t\t\t\t\t\t\t\t\t\t\t\t<h5> Training <\/h5>\n\t\t\t\t\t\t<p>Aufsteigen, seinen Weg gehen, fortbilden, etwas erreichen &#8211; f\u00fcr die berufliche Entwicklung gibt es viele Begriffe. Wir bieten dir vielseitige M\u00f6glichkeiten, um das Beste aus dir herauszuholen.<\/p>\t\t\t\t\t\n\t\t\t\t\t\t\t\t\t\t\t\t<h5> Engagement <\/h5>\n\t\t\t\t\t\t<p>Nachhaltigkeit und Fairness sind f\u00fcr uns nicht nur leere Worth\u00fclsen, die wir als Argument benutzen, um dich zu gewinnen. Bei uns hast du die Chance, die Arbeit mit deinem Ehrenamt in Einklang zu bringen. Au\u00dferdem achten wir im Agenturalltag darauf, m\u00f6glichst schonend mit unserer Umwelt umzugehen.\u00a0<\/p>\t\t\t\t\t\n\t\t\t\t\t\t\t\t\t\t\t\t<h5> Flexibilit\u00e4t <\/h5>\n\t\t\t\t\t\t<p>Heute Rheine, morgen Mailand? Kein Problem. Bei uns z\u00e4hlt, wie du deinen Job machst und nicht wo.<\/p>\t\t\t\t\t\n\t\t\t\t\t\t\t\t\t\t\t\t<h5> Good Vibes <\/h5>\n\t\t\t\t\t\t<p>Unsere positive und inspirierende Arbeitsatmosph\u00e4re solltest du selbst erleben. Komm vorbei!<\/p>\t\t\t\t\t\n\t\t\t\t<img decoding=\"async\" src=\"https:\/\/website.colistic.dev\/wp-content\/uploads\/2022\/04\/1.jpg\" alt=\"1\" itemprop=\"image\" height=\"1080\" width=\"1080\" title=\"1\" onerror=\"this.style.display='none'\"  \/>\n\t\t<h2>Kein Job f\u00fcr dich dabei?<\/h2>\n\t\t\t<p>Dann schick doch einfach eine Initiativbewerbung. Sende deinen Lebenslauf und ein kurzes Statement, warum du dich bewirbst, an Alina. Lieber als die \u00fcblichen Anschreiben-Floskeln sehen wir coole Referenzen von dir. Zeig uns, wer du bist! Wir freuen uns drauf.<\/p>\t\t\n\t\t\t\t<a href=\"#kontakt\" role=\"button\" target=\"_self\" rel=\"noopener\">\n\t\t\t\t\t\t\t\t\t\tinitiativ bewerben\t\t\t\t\t\t\t\t\t<\/a>\n\n","protected":false},"excerpt":{"rendered":"","protected":false},"author":2,"featured_media":0,"parent":0,"menu_order":6,"comment_status":"closed","ping_status":"closed","template":"","meta":{"inline_featured_image":false,"footnotes":""},"class_list":["post-3085","page","type-page","status-publish","hentry","wpbf-post"],"acf":[],"yoast_head":"<!-- This site is optimized with the Yoast SEO plugin v27.6 - https:\/\/yoast.com\/product\/yoast-seo-wordpress\/ -->\n<title>Karriere - Entdecke deinen neuen Traumjob - co:listic<\/title>\n<meta name=\"description\" content=\"Du suchst eine Agentur, die deine Work-Life-Balance respektiert und dir Raum zur freien Entfaltung bietet? Du hast sie gefunden!\" \/>\n<meta name=\"robots\" content=\"noindex, follow, max-snippet:-1, max-image-preview:large, max-video-preview:-1\" \/>\n<meta property=\"og:locale\" content=\"de_DE\" \/>\n<meta property=\"og:type\" content=\"article\" \/>\n<meta property=\"og:title\" content=\"Karriere - Entdecke deinen neuen Traumjob - co:listic\" \/>\n<meta property=\"og:description\" content=\"Du suchst eine Agentur, die deine Work-Life-Balance respektiert und dir Raum zur freien Entfaltung bietet? Du hast sie gefunden!\" \/>\n<meta property=\"og:url\" content=\"https:\/\/website.colistic.dev\/?page_id=3085\" \/>\n<meta property=\"og:site_name\" content=\"co:listic\" \/>\n<meta property=\"article:publisher\" content=\"https:\/\/www.facebook.com\/colistic\/?epa=SEARCH_BOX\" \/>\n<meta property=\"article:modified_time\" content=\"2023-08-31T15:19:58+00:00\" \/>\n<meta property=\"og:image\" content=\"https:\/\/website.colistic.dev\/wp-content\/uploads\/2019\/01\/colistic-office-rheine.jpg\" \/>\n\t<meta property=\"og:image:width\" content=\"1920\" \/>\n\t<meta property=\"og:image:height\" content=\"1280\" \/>\n\t<meta property=\"og:image:type\" content=\"image\/jpeg\" \/>\n<meta name=\"twitter:card\" content=\"summary_large_image\" \/>\n<meta name=\"twitter:site\" content=\"@colisti\" \/>\n<meta name=\"twitter:label1\" content=\"Gesch\u00e4tzte Lesezeit\" \/>\n\t<meta name=\"twitter:data1\" content=\"5\u00a0Minuten\" \/>\n<!-- \/ Yoast SEO plugin. -->","yoast_head_json":{"title":"Karriere - Entdecke deinen neuen Traumjob - co:listic","description":"Du suchst eine Agentur, die deine Work-Life-Balance respektiert und dir Raum zur freien Entfaltung bietet? Du hast sie gefunden!","robots":{"index":"noindex","follow":"follow","max-snippet":"max-snippet:-1","max-image-preview":"max-image-preview:large","max-video-preview":"max-video-preview:-1"},"og_locale":"de_DE","og_type":"article","og_title":"Karriere - Entdecke deinen neuen Traumjob - co:listic","og_description":"Du suchst eine Agentur, die deine Work-Life-Balance respektiert und dir Raum zur freien Entfaltung bietet? Du hast sie gefunden!","og_url":"https:\/\/website.colistic.dev\/?page_id=3085","og_site_name":"co:listic","article_publisher":"https:\/\/www.facebook.com\/colistic\/?epa=SEARCH_BOX","article_modified_time":"2023-08-31T15:19:58+00:00","og_image":[{"width":1920,"height":1280,"url":"https:\/\/website.colistic.dev\/wp-content\/uploads\/2019\/01\/colistic-office-rheine.jpg","type":"image\/jpeg"}],"twitter_card":"summary_large_image","twitter_site":"@colisti","twitter_misc":{"Gesch\u00e4tzte Lesezeit":"5\u00a0Minuten"},"schema":{"@context":"https:\/\/schema.org","@graph":[{"@type":"WebPage","@id":"https:\/\/website.colistic.dev\/?page_id=3085","url":"https:\/\/website.colistic.dev\/?page_id=3085","name":"Karriere - Entdecke deinen neuen Traumjob - co:listic","isPartOf":{"@id":"https:\/\/website.colistic.dev\/#website"},"primaryImageOfPage":{"@id":"https:\/\/website.colistic.dev\/?page_id=3085#primaryimage"},"image":{"@id":"https:\/\/website.colistic.dev\/?page_id=3085#primaryimage"},"thumbnailUrl":"https:\/\/website.colistic.dev\/wp-content\/uploads\/2022\/09\/co_team-09.jpg","datePublished":"2021-07-20T12:23:33+00:00","dateModified":"2023-08-31T15:19:58+00:00","description":"Du suchst eine Agentur, die deine Work-Life-Balance respektiert und dir Raum zur freien Entfaltung bietet? Du hast sie gefunden!","breadcrumb":{"@id":"https:\/\/website.colistic.dev\/?page_id=3085#breadcrumb"},"inLanguage":"de","potentialAction":[{"@type":"ReadAction","target":["https:\/\/website.colistic.dev\/?page_id=3085"]}]},{"@type":"ImageObject","inLanguage":"de","@id":"https:\/\/website.colistic.dev\/?page_id=3085#primaryimage","url":"https:\/\/website.colistic.dev\/wp-content\/uploads\/2022\/09\/co_team-09.jpg","contentUrl":"https:\/\/website.colistic.dev\/wp-content\/uploads\/2022\/09\/co_team-09.jpg","width":1024,"height":683},{"@type":"BreadcrumbList","@id":"https:\/\/website.colistic.dev\/?page_id=3085#breadcrumb","itemListElement":[{"@type":"ListItem","position":1,"name":"Startseite","item":"https:\/\/website.colistic.dev\/"},{"@type":"ListItem","position":2,"name":"Karriere"}]},{"@type":"WebSite","@id":"https:\/\/website.colistic.dev\/#website","url":"https:\/\/website.colistic.dev\/","name":"co:listic","description":"","publisher":{"@id":"https:\/\/website.colistic.dev\/#organization"},"potentialAction":[{"@type":"SearchAction","target":{"@type":"EntryPoint","urlTemplate":"https:\/\/website.colistic.dev\/?s={search_term_string}"},"query-input":{"@type":"PropertyValueSpecification","valueRequired":true,"valueName":"search_term_string"}}],"inLanguage":"de"},{"@type":"Organization","@id":"https:\/\/website.colistic.dev\/#organization","name":"co:listic GmbH","url":"https:\/\/website.colistic.dev\/","logo":{"@type":"ImageObject","inLanguage":"de","@id":"https:\/\/website.colistic.dev\/#\/schema\/logo\/image\/","url":"https:\/\/website.colistic.dev\/wp-content\/uploads\/2018\/11\/Element-2.svg","contentUrl":"https:\/\/website.colistic.dev\/wp-content\/uploads\/2018\/11\/Element-2.svg","width":1,"height":1,"caption":"co:listic GmbH"},"image":{"@id":"https:\/\/website.colistic.dev\/#\/schema\/logo\/image\/"},"sameAs":["https:\/\/www.facebook.com\/colistic\/?epa=SEARCH_BOX","https:\/\/x.com\/colisti","https:\/\/www.instagram.com\/colistic.agency\/","https:\/\/www.linkedin.com\/company\/colistic\/"]}]}},"_links":{"self":[{"href":"https:\/\/website.colistic.dev\/index.php?rest_route=\/wp\/v2\/pages\/3085","targetHints":{"allow":["GET"]}}],"collection":[{"href":"https:\/\/website.colistic.dev\/index.php?rest_route=\/wp\/v2\/pages"}],"about":[{"href":"https:\/\/website.colistic.dev\/index.php?rest_route=\/wp\/v2\/types\/page"}],"author":[{"embeddable":true,"href":"https:\/\/website.colistic.dev\/index.php?rest_route=\/wp\/v2\/users\/2"}],"replies":[{"embeddable":true,"href":"https:\/\/website.colistic.dev\/index.php?rest_route=%2Fwp%2Fv2%2Fcomments&post=3085"}],"version-history":[{"count":39,"href":"https:\/\/website.colistic.dev\/index.php?rest_route=\/wp\/v2\/pages\/3085\/revisions"}],"predecessor-version":[{"id":4883,"href":"https:\/\/website.colistic.dev\/index.php?rest_route=\/wp\/v2\/pages\/3085\/revisions\/4883"}],"wp:attachment":[{"href":"https:\/\/website.colistic.dev\/index.php?rest_route=%2Fwp%2Fv2%2Fmedia&parent=3085"}],"curies":[{"name":"wp","href":"https:\/\/api.w.org\/{rel}","templated":true}]}}